etermine j(-4).
-7
Let q(j) = j**2 + 77*j + 1245. Determine q(-21).
69
Let z(j) = -291*j + 29386. Calculate z(101).
-5
Let g(q) = 3*q - 127. Determine g(35).
-22
Let z(l) = -l**3 - 8*l**2 + 19*l - 49. Give z(-11).
105
Let h(w) = -3*w**2 - 16*w - 32. Calculate h(-8).
-96
Let c(w) = -19*w + 142. What is c(7)?
9
Let u(n) = -44*n - 2288. What is u(-52)?
0
Let g(i) = -i**3 - 8*i**2 - 16*i - 37. Give g(-7).
26
Let l(q) = 13*q + 586. Give l(-20).
326
Let u(s) = -93*s - 34. Calculate u(2).
-220
Let a(m) = -4*m**2 - 24*m + 175. Give a(-10).
15
Let i(a) = -690*a + 24839. Determine i(36).
-1
Let u(r) = 80*r**3 + r**2 - 2*r. Calculate u(1).
79
Let s(b) = b**2 + 15*b - 252. Calculate s(9).
-36
Let u(m) = m**3 - 5*m**2 + 1603*m - 8012. Determine u(5).
3
Let s(r) = r**3 - 14*r**2 + 12*r + 285. What is s(9)?
-12
Let g(w) = 3*w - 206. Calculate g(60).
-26
Let g(j) = 163*j + 2486. What is g(-15)?
41
Let r(k) = k**2 + 29*k - 9. What is r(-30)?
21
Let a(z) = -2*z**3 - 23*z**2 - 28*z + 4. Determine a(-10).
-16
Let b(w) = w**3 + 9*w**2 + 28*w + 47. What is b(-6)?
-13
Let m(d) = d**3 + 6*d**2 - 3*d - 23. Determine m(-6).
-5
Let b(o) = -251*o - 21085. What is b(-84)?
-1
Let g(m) = 10*m**3 - 3*m**2 - 2*m - 2. Calculate g(1).
3
Let o(l) = -39*l + 1508. Calculate o(39).
-13
Let l(y) = -y**2 - 99*y - 727. Calculate l(-8).
1
Let i(h) = -13169*h - 39517. Calculate i(-3).
-10
Let n(h) = h**2 + 2*h - 122. What is n(0)?
-122
Let h(p) = p**2 - 16*p - 4417. What is h(75)?
8
Let h(s) = -s**3 + 33*s**2 + 40*s - 217. Determine h(34).
-13
Let p(c) = 203*c + 982. Determine p(-5).
-33
Let f(c) = 143*c + 1276. What is f(-11)?
-297
Let m(b) = -132*b + 5791. Give m(44).
-17
Let l(z) = 6*z**3 - 325*z**2 + 52*z + 106. Determine l(54).
-2
Let n(f) = 3*f**3 + 56*f**2 - 76*f + 85. What is n(-20)?
5
Let c(o) = 190*o - 1341. What is c(7)?
-11
Let c(t) = 252*t + 750. Determine c(-3).
-6
Let y(d) = -104*d - 3299. What is y(-33)?
133
Let l(k) = 3*k - 201. Give l(66).
-3
Let o(j) = -2*j**2 + 180*j - 947. Determine o(84).
61
Let u(g) = g**3 + 7*g**2 + 33. Calculate u(-7).
33
Let i(n) = n**3 + n**2 + 2*n + 5. Give i(-5).
-105
Let x(b) = -4*b**3 + 9*b**2 - 4*b. Calculate x(4).
-128
Let g(u) = 30*u**2 + 48*u - 13. Give g(-2).
11
Let v(h) = -h**3 - 43*h**2 - 75*h + 71. What is v(-41)?
-216
Let g(s) = -2*s**2 - 6*s + 128. What is g(-13)?
-132
Let w(c) = c**3 - 9*c**2 - 59*c + 3. What is w(-5)?
-52
Let j(b) = 12*b**2 + 12706*b - 12706. What is j(1)?
12
Let r(i) = 5*i - 33. What is r(-6)?
-63
Let l(u) = 413*u**2 + 21061*u - 88. Determine l(-51).
14
Let y(w) = -w**3 - 2*w**2 - w - 32. What is y(5)?
-212
Let v(b) = 14*b**2 - 77*b + 299. Give v(4).
215
Let p(v) = -4*v**2 - 9*v - 38. Give p(-3).
-47
Let y(x) = x**3 - 8*x**2 - 229*x - 104. What is y(-12)?
-236
Let d(b) = -2*b**2 - 48*b + 256. What is d(5)?
-34
Let g(d) = 4*d**2 - 14*d + 8. What is g(6)?
68
Let y(x) = 24*x + 419. Determine y(-9).
203
Let f(m) = -m**2 - 48*m + 13108. Determine f(-141).
-5
Let k(m) = -345*m**2 + 1738*m - 11. Calculate k(5).
54
Let y(b) = -3*b**3 - 243*b**2 - 471*b + 231. Determine y(-79).
-6
Let d(i) = i**3 - i**2 + 57*i - 533. What is d(6)?
-11
Let o(m) = -7*m**2 + 175*m + 7. Calculate o(25).
7
Let j(q) = q**3 + 127*q**2 - 185*q + 9392. Give j(-129).
-25
Let a(q) = -171*q - 25684. What is a(-150)?
-34
Let j(r) = 3*r + 114. Give j(62).
300
Let s(c) = 6*c**2 + 268*c - 16. Determine s(-43).
-446
Let g(f) = 6022*f + 6021. Determine g(-1).
-1
Let a(l) = 2*l**3 - 147*l**2 + 210*l + 387. Determine a(72).
-45
Let b(f) = -f**3 - 9*f**2 - f - 16. Calculate b(-7).
-107
Let q(w) = w**3 - 2*w**2 - 6*w - 42. Determine q(0).
-42
Let b(u) = 2*u**3 - 5*u**2 + 11*u - 44. What is b(3)?
-2
Let u(j) = 99*j - 5330. Calculate u(54).
16
Let o(q) = -3*q**3 + 60*q**2 - 5*q + 133. Give o(20).
33
Let v(c) = c**2 + 770*c - 10236. Give v(13).
-57
Let x(z) = 279*z - 1115. Calculate x(4).
1
Let u(a) = 3*a**3 + 34*a**2 + 66*a + 10. Calculate u(-9).
-17
Let w(p) = 815*p - 48082. Give w(59).
3
Let v(y) = -37*y + 202. Determine v(6).
-20
Let v(d) = -2277*d + 15933. What is v(7)?
-6
Let n(u) = -53*u**3 + 215*u**2 - 6*u - 3. Determine n(4).
21
Let n(b) = -32*b - 397. What is n(-20)?
243
Let h(i) = -i**3 - 9*i**2 + 47*i + 369. Calculate h(-10).
-1
Let v(j) = 2*j**2 - 3643*j - 36640. Determine v(-10).
-10
Let c(a) = 3*a**3 + 30*a**2 + 53*a + 37. Determine c(-8).
-3
Let f(u) = -u**2 - 109*u - 2490. Calculate f(-35).
100
Let a(c) = 14*c**2 + 491*c + 23. Determine a(-35).
-12
Let g(s) = -1115*s + 21204. Give g(19).
19
Let z(s) = -6*s**3 - 10*s**2 - 9*s + 1. What is z(-4)?
261
Let j(a) = -a**3 + 3*a**2 + 13*a - 11. Give j(6).
-41
Let u(c) = 19*c - 979. What is u(51)?
-10
Let u(i) = -i**2 + 17*i - 8. Calculate u(8).
64
Let i(c) = -7*c**2 - 75*c - 675. Calculate i(-11).
-697
Let q(r) = -52*r**2 + 457*r + 102. Calculate q(9).
3
Let m(a) = -10*a**3 + 88*a**2 + 17*a + 16. Give m(9).
7
Let q(g) = g**3 - 38*g**2 + 72*g + 23. Give q(36).
23
Let q(f) = -22*f**2 - 726*f + 71. What is q(-33)?
71
Let u(f) = -f**2 - 22*f + 433. What is u(-34)?
25
Let g(z) = z**2 - 42*z - 235. Give g(46).
-51
Let a(w) = -w**3 + 36*w**2 - 185*w + 68. Give a(30).
-82
Let j(d) = -d**3 + 20*d**2 - 75*d - 36. What is j(15)?
-36
Let n(z) = -120*z**2 + 2759*z + 21. Determine n(23).
-2
Let g(n) = -5*n**2 + 11*n - 27. What is g(3)?
-39
Let o(x) = x**2 + x - 43. Calculate o(-6).
-13
Let h(t) = -t**3 + 2*t**2 - 31*t + 6. Determine h(0).
6
Let k(y) = -90*y + 1451. What is k(20)?
-349
Let m(y) = -y**3 - 20*y**2 - y - 34. What is m(-20)?
-14
Let n(s) = 107*s - 18. Give n(-2).
-232
Let n(l) = -l**2 + 64*l + 1508. Determine n(-19).
-69
Let y(d) = -34*d**2 + 86*d + 43. What is y(3)?
-5
Let w(o) = 589*o - 1777. Determine w(3).
-10
Let i(h) = 9*h**2 - 22*h + 2. What is i(2)?
-6
Let v(h) = -577*h + 1082. Calculate v(2).
-72
Let q(i) = -6397*i - 25597. What is q(-4)?
-9
Let o(b) = 166*b + 4488. Calculate o(-27).
6
Let p(y) = y**2 + 36*y + 6. Calculate p(3).
123
Let i(h) = 345*h + 1016. What is i(-3)?
-19
Let g(l) = 45*l - 32. What is g(0)?
-32
Let p(q) = q**2 - 9*q + 4. Calculate p(7).
-10
Let x(i) = 4136*i - 53792. Give x(13).
-24
Let b(j) = -4*j**2 - 22*j - 29. Calculate b(-3).
1
Let y(l) = -l**3 - 17*l**2 - 20*l + 307. Calculate y(-14).
-1
Let y(h) = h**3 - 20*h**2 - 71*h - 20. Calculate y(-3).
-14
Let k(o) = -4*o**2 + o + 142. What is k(0)?
142
Let m(t) = -265*t + 5040. Determine m(19).
5
Let q(i) = -i**3 + i**2 - 57*i + 26. What is q(0)?
26
Let s(f) = -203*f + 980. Determine s(5).
-35
Let r(o) = -10*o**2 - 62*o - 91. Give r(-6).
-79
Let w(t) = 7*t**3 + 2*t**2 - 18*t + 28. Determine w(2).
56
Let q(a) = -86*a**2 + 3615*a - 133. Give q(42).
-7
Let o(i) = 3*i**2 + 475*i - 2955. Calculate o(6).
3
Let w(m) = m**3 - 27*m**2 + 5*m + 1. Give w(0).
1
Let t(k) = 139*k + 1162. Calculate t(-18).
-1340
Let o(f) = f**3 + 32*f**2 - 5*f + 786. Calculate o(-33).
-138
Let n(w) = -4*w**2 - 94*w - 53. Calculate n(-18).
343
Let u(g) = -9*g + 181. Give u(14).
55
Let u(z) = z**3 + 7*z**2 - 13*z - 94. Determine u(-7).
-3
Let m(a) = -12*a**2 + 469*a + 12. Give m(39).
51
Let g(k) = 35*k + 338. Calculate g(-9).
23
Let l(z) = -3*z**3 + 121*z**2 - 5*z - 1404. What is l(40)?
-4
Let r(g) = -g**3 - 12*g**2 - 690*g - 7479. Determine r(-11).
-10
Let l(d) = 754*d + 3772. Calculate l(-5).
2
Let u(l) = -14*l**2 - 250*l + 248. Calculate u(1).
-16
Let i(f) = -f**2 + 17*f - 14. Give i(10).
56
Let x(k) = -11*k**2 - 164*k - 19. Determine x(-15).
-34
Let z(a) = -a**3 - 17*a**2 - 67*a - 341. What is z(-14)?
9
Let r(i) = 86*i + 1976. Give r(-23).
-2
Let y(o) = -o**3 + 87*o**2 - 1388*o + 116. What is y(66)?
-16
Let h(k) = -k**3 + 25*k + 15. Give h(-5).
15
Let y(g) = -198*g + 3371. Give y(17).
5
Let z(y) = 1759*y - 19369. Determine z(11).
-20
Let m(a) = 3*a + 19. Determine m(6).
37
Let s(h) = 6*h**2 - 59*h + 115. Determine s(7).
-4
Let r(m) = 2102*m**2 - 6301*m - 4. What is r(3)?
11
Let m(a) = 2*a + 708. Give m(-65).
578
Let g(j) = -j**2 - 102*j + 1311. Calculate g(11).
68
Let w(u) = u**2 - 22*u - 1162. Calculate w(-24).
-58
Let d(q) = -30*q - 22. Give d(-2).
38
Let m(n) = -n**3 + 42*n**2 - 19*n + 743. Determine m(42).
-55
Let s(c) = 1674*c + 162385. Calculate s(-97).
7
Let t(p) = 2*p**3 - 14*p**2 + 192*p - 766. Calculate t(5).
94
Let w(l) = 3*l**3 - 77*l**2 +